(17). What is the greatest common divisor of n and 3?
3
Suppose 0 = -2*k - 0*k - 3*f - 26, 3*f = -5*k - 56. Let l = 19 + k. What is the highest common divisor of 27 and l?
9
Suppose -20 = -4*i, 3*i - 12 = 3*m - 69. Suppose 4*n = 8*n + 32. Let o be ((-54)/(-12))/((-22)/n + -2). What is the greatest common divisor of o and m?
6
Suppose 5*o - 24 = 6*o. Let t = -2 - o. Let h(d) = 7*d**2 + 8*d - 6. Let j be h(-6). What is the greatest common factor of t and j?
22
Suppose -5*q + 20 = 0, q + 806 = -x + 4*x. Calculate the highest common factor of 30 and x.
30
Let v be 1/((-6)/(-4) + -1). Let q be -2 - -3 - (v + -44). What is the highest common factor of q and 344?
43
Suppose -4*j - 16*j + 600 = 0. Calculate the greatest common factor of j and 66.
6
Let g be ((-8)/(-2) - 7) + 201. Suppose -5*k + 4 = -86. What is the greatest common factor of g and k?
18
Suppose -2*i + 9 = 5*l, 17 = -3*i - 5*l + 28. Let q be 2/(-3) - (-68)/3. What is the highest common factor of i and q?
2
Let t(z) = z**2 + 6*z - 37. Let q be t(-16). Suppose -q = -6*o + 165. What is the greatest common divisor of 16 and o?
16
Let z be 396/6*(6 - 5). What is the highest common factor of 96 and z?
6
Let z(s) = -s**2 - 25*s - 17. Let y be z(-17). Calculate the greatest common factor of 68 and y.
17
Suppose -2*x = -5*l - 425, -2*x = -0*x + 3*l - 401. What is the greatest common factor of x and 369?
41
Let f(p) = -p + 10. Let i be f(6). Suppose -171 + 11 = -i*k. Calculate the greatest common divisor of k and 5.
5
Let j be 42 - (10/5 + 4 - 2). Calculate the highest common factor of j and 722.
38
Let n = -38 - -42. Let s be 308/n + -1 - -4. What is the highest common divisor of s and 32?
16
Let q be ((-2)/(-6))/(9/135). Suppose t + 4 = 2*d, 2*t - q*t = -6. Let s = 28 - 16. What is the greatest common factor of s and d?
3
Suppose 2*o + 3*m + 26 = 0, -26 + 4 = 3*o - 4*m. Let f be 2/(o/104 - 2/(-8)). Calculate the highest common factor of f and 91.
13
Suppose k + 2*t - 11 = 0, -2*t + 25 - 77 = -2*k. Calculate the greatest common divisor of k and 14.
7
Let a(k) = -k**2 - 22*k - 39. Let d be a(-20). Let y be 177*d/3 + (-2)/2. Calculate the highest common factor of 145 and y.
29
Suppose v - 84 = -4*u + 2*v, 0 = v. Suppose -69 = -12*z - u. What is the highest common divisor of z and 4?
4
Let s be -6 + (-70)/(-21)*6. What is the highest common divisor of 35 and s?
7
Suppose -23*t + 8*t + 960 = 0. Calculate the greatest common factor of t and 8.
8
Suppose 3*j + 9 = m - 0*m, 0 = -4*m + 4*j + 68. Let n(c) = -18*c + 1. Let v be n(2). Let d = -21 - v. What is the greatest common divisor of m and d?
7
Let q = -185 - -222. Calculate the highest common divisor of q and 185.
37
Suppose 399 = -7*b + 4*b. Let g = -91 - b. Let k = g - -3. Calculate the highest common factor of k and 5.
5
Let j(c) = 27*c - 472. Let k be j(59). Calculate the greatest common divisor of k and 177.
59
Suppose 0 = 2*j + j - 15, -2*d + 44 = -4*j. Suppose y + 161 = 1. Let z be 6 - 6 - y/2. What is the greatest common divisor of z and d?
16
Let d = -7 + 17. Let r(z) = z**2 + 8*z - 16. Let g be r(-10). Suppose 4*t - 5 = -21, g*t + 36 = 4*o. Calculate the highest common factor of d and o.
5
Let m be (-2 + 46)*168/112. Calculate the highest common factor of m and 1914.
66
Suppose 2 = -2*d - 2. Let t be ((-1)/d)/((-29)/(-174)). Calculate the highest common factor of 2 and t.
1
Suppose 5*k + 2*t + 64 = -t, 0 = k + 2*t + 17. Let p(i) = -9*i + 1. Let b be p(k). What is the highest common divisor of 40 and b?
20
Suppose 6*t - 1564 = -5*p + 5*t, 0 = -4*p - t + 1252. Let a be ((-3)/(-4))/(1246/(-104) - -12). What is the highest common factor of p and a?
39
Suppose 8*z - 4*z = 20. Suppose -11 = 2*k - 3*j - 2, -j = -z*k + 10. What is the greatest common divisor of k and 12?
3
Suppose 0 = 4*q - y + 3, 4 = -2*q + y + 1. Suppose -p + 10 + 6 = q. Let d = p + -9. What is the greatest common factor of 1 and d?
1
Let l(a) = 10*a + 5. Let z be l(5). Suppose 2*j = 308*d - 313*d + 540, -2*d = 4. Calculate the highest common factor of z and j.
55
Let t be 38 + (-3 + 0)/(6/(-4)). Let c be (1*1/1)/(10/t). What is the greatest common factor of c and 32?
4
Let u = 5 - 3. Let s be (136/204)/(-2 + (-14)/(-6)). Calculate the highest common divisor of u and s.
2
Let m = -4 - -8. Suppose 0 = -m*c + 3*r - 77, -76 = 4*c - 0*c - 4*r. Let u = c + 76. Calculate the greatest common factor of u and 14.
14
Let t(p) = 3*p + 29. Let k be t(12). What is the greatest common divisor of k and 15?
5
Let b be (-5 + 10)/(-5) + 22. Calculate the greatest common factor of 6 and b.
3
Suppose 0*y + 12 = -6*y. Let o = 9 - 14. Let d be (35/y)/(o/10). Calculate the greatest common divisor of d and 7.
7
Let f be (-36)/(-10) - (-2)/5. Suppose 0 = -f*b + 578 - 238. Let h = 1917 + -1883. What is the highest common divisor of h and b?
17
Let f(n) = -n - 5. Let y be f(-10). Suppose 0*s = -y*s - 10. Let b be s/7 + 896/49. What is the highest common factor of 90 and b?
18
Let y be ((-750)/(-4))/5*1*-2. Let i = 79 + y. Let l = 22 + 10. Calculate the greatest common factor of l and i.
4
Suppose -3*z + 152 - 8 = 0. Let o be (1/(-3))/((-4)/z). Suppose -o*v + c = -75, -c + 93 = 3*v + 35. What is the highest common divisor of 133 and v?
19
Let m(n) = n**3 + 6*n**2 - 8*n. Let j be m(-7). Let h be 4/j - (-500)/7. Calculate the greatest common divisor of 9 and h.
9
Suppose 0 = 75*a - 88*a + 156. Suppose -159 = 3*p - 6*p - 3*t, -2*p = -4*t - 76. What is the greatest common factor of a and p?
12
Let w be -3*(8/6 - 6). Let o(u) = -4*u**3 - 4*u**2 - 2*u + 1. Let j be o(-2). What is the greatest common factor of w and j?
7
Let s(x) = 5*x - 5*x + 1 + 36*x - 2*x. Suppose -o - 4 = -i - 0*o, -2*o - 5 = i. Let n be s(i). Calculate the highest common divisor of n and 14.
7
Suppose -4488 = -11*w - 484. Suppose n + w = 8*n. What is the highest common factor of n and 4?
4
Suppose -7*w = -1200 + 24. Let r be (-4)/(-10)*-2*5. Let s be (-3)/12 + (-85)/r. Calculate the greatest common divisor of w and s.
21
Let k(b) = -b - 5. Let y be 1/(-1) - (-7)/(-1). Let p be k(y). Suppose p*u - 6*u + 33 = 0. What is the highest common factor of 1 and u?
1
Suppose 2*g = -2, 2*j - 3*g = -j + 30. What is the highest common divisor of 144 and j?
9
Let l be 418/18 - 6/27 - -1. Calculate the highest common factor of l and 492.
12
Suppose 138 = -h + 7*h. Let i be 2*((-805)/(-2))/7. Calculate the greatest common factor of h and i.
23
Let u(v) = v**2 + 6*v + 35. Let n be u(-15). Calculate the highest common divisor of 68 and n.
34
Let m(d) = 13*d**2 - 5*d + 22. Let y be m(-3). Calculate the highest common divisor of y and 33.
11
Let v(p) = -p**2 - p + 7. Let z be v(2). What is the highest common divisor of 199 and z?
1
Let f(w) = w**3 + 5*w**2 - 11*w - 15. Let a = -1 + -5. Let g be f(a). What is the highest common divisor of 15 and g?
15
Let z(q) = -q**3 + 4*q**2 + 5*q + 2. Let x be z(5). Let m = x + 7. Let c = 722 + -721. What is the highest common factor of m and c?
1
Suppose 0 = 2*f + f - 144. Suppose 5*b + 62 = 2*u - 46, -3*b = -12. Calculate the greatest common factor of u and f.
16
Suppose -3*v - 3*n = 3, 2*n + 1 = -v - 5. Suppose 4*b + 4*g = 4, 8*b - 3*g = v*b + 39. What is the greatest common divisor of 4 and b?
2
Let a be (-12)/(-15)*(-35)/(-2). Let i be -4*(-4)/40 + 2304/15. Calculate the highest common divisor of a and i.
14
Let t be (12/(-24))/(1/(-10)). Calculate the greatest common divisor of t and 55.
5
Let d be (-3)/(45/(-132)) - (16/40)/(-2). Let t = 1 - -8. Calculate the greatest common divisor of d and t.
9
Let j be (-2)/7 + 149/7. Let c be 1*5 - (-37 + -20). Suppose c = 18*i - 64. What is the greatest common factor of j and i?
7
Let i(o) = -o**3 - 11*o**2 + 10*o - 15. Let x be i(-12). Calculate the highest common divisor of 279 and x.
9
Let g = -6 - -9. Suppose -p - p + 522 = 4*f, g*f = -3*p + 387. What is the highest common divisor of 12 and f?
12
Let o(n) = n**2 - n - 15. Let y be o(0). Let m = y - -35. Suppose -s + 0*s + 35 = 5*i, -5*s = -i - 253. What is the highest common divisor of s and m?
10
Let r(u) = -11*u + 2. Let j be r(-4). Let b be -1 - -1 - -1 - (-3 - 19). What is the highest common divisor of b and j?
23
Let z be (-5)/((-70)/4) + (-2)/7. Let c(i) = 2*i**3 - i**2 + i + 20. Let b be c(z). What is the highest c